{"id":5673140,"date":"2019-03-31T15:19:11","date_gmt":"2019-03-31T15:19:11","guid":{"rendered":"http:\/\/chispa.com.ar\/zuccardi\/?page_id=5673140"},"modified":"2023-12-08T16:15:24","modified_gmt":"2023-12-08T16:15:24","slug":"familia-2","status":"publish","type":"page","link":"https:\/\/zuccardiwines.com\/nuevo\/familia-2\/","title":{"rendered":"Familia"},"content":{"rendered":"[vc_row][vc_column width=\u00bb1\/6&#8243;][\/vc_column][vc_column width=\u00bb2\/3&#8243;]<div class=\"norebro-text-sc \" \n\tid=\"norebro-custom-69e7dd40bf1b8\" \n\t \n\t>\n\n\t<p style=\"text-align: center;\">Sebasti\u00e1n Zuccardi creci\u00f3 en el seno de una familia de fuerte esp\u00edritu visionario e innovador. Desde que en 1963 su abuelo, el ingeniero Alberto Zuccardi, plant\u00f3 las primeras hect\u00e1reas de vides en Maip\u00fa, Mendoza, Familia Zuccardi no ha dejado de crecer y desarrollarse hasta posicionarse como un importante referente de la vitivinicultura argentina.<\/p>\n<p style=\"text-align: center;\">De su padre, Jos\u00e9 Alberto Zuccardi, Sebasti\u00e1n hered\u00f3 la determinaci\u00f3n y el af\u00e1n por la b\u00fasqueda permanente de la excelencia.<\/p>\n\t\n<\/div>[vc_empty_space css=\u00bb.vc_custom_1554047747252{border-bottom-width: 1px !important;}\u00bb]<div class=\"norebro-testimonial-sc testimonials \" \n\tid=\"norebro-custom-69e7dd40bf46b\"\n\t data-aos=\"fade-up\" \n\t data-aos-duration=\"3000\">\n\t\n\t\n\t<blockquote>\n\t\t\u201c...no buscar vinos perfectos, sino aquellos que expresen el lugar, la regi\u00f3n\u201d.\t<\/blockquote>\n\n\t\n\t<h4 class=\"title\">\u2014 Sebasti\u00e1n Zuccardi<\/h4>\n\t<p class=\"subtitle small\">\n\t\t\t<\/p>\n\n<\/div>[vc_empty_space css=\u00bb.vc_custom_1554047730859{border-top-width: 1px !important;}\u00bb]<div class=\"norebro-parallax-sc parallax\"\nid=\"norebro-custom-69e7dd40bfab0\"\ndata-parallax-bg=\"vertical\" \ndata-parallax-speed=\"1.0\">\n\t\n\t<div class=\"parallax-bg\"><\/div>\n\t<div class=\"parallax-content\">\n\t\t[vc_empty_space height=\u00bb200px\u00bb]\t<\/div>\n\n<\/div>[vc_empty_space css=\u00bb.vc_custom_1554047730859{border-top-width: 1px !important;}\u00bb]<div class=\"norebro-text-sc \" \n\tid=\"norebro-custom-69e7dd40bfdcb\" \n\t \n\t>\n\n\t<p style=\"text-align: center;\">Hoy Sebasti\u00e1n, tercera generaci\u00f3n de la familia, se encuentra trabajando al frente de un joven equipo agr\u00edcola y enol\u00f3gico, encargado de producir vinos con los m\u00e1s altos est\u00e1ndares de calidad en el Valle de Uco.<\/p>\n<p style=\"text-align: center;\">Por iniciativa suya, desde 2008 la bodega cuenta con un \u00e1rea de Investigaci\u00f3n y Desarrollo, dedicada al estudio del <em>terroir<\/em>\u00a0y las diversas variables que inciden en la calidad del vino. El objetivo es, seg\u00fan palabras del propio Sebasti\u00e1n \u201cno buscar vinos perfectos, sino aquellos que expresen el lugar, la regi\u00f3n\u201d.<\/p>\n\t\n<\/div>[\/vc_column][vc_column width=\u00bb1\/6&#8243;][\/vc_column][\/vc_row]\n","protected":false},"excerpt":{"rendered":"<p>[vc_row][vc_column width=\u00bb1\/6&#8243;][\/vc_column][vc_column width=\u00bb2\/3&#8243;][vc_empty_space css=\u00bb.vc_custom_1554047747252{border-bottom-width: 1px !important;}\u00bb][vc_empty_space css=\u00bb.vc_custom_1554047730859{border-top-width: 1px !important;}\u00bb][vc_empty_space css=\u00bb.vc_custom_1554047730859{border-top-width: 1px !important;}\u00bb][\/vc_column][vc_column width=\u00bb1\/6&#8243;][\/vc_column][\/vc_row]<\/p>\n","protected":false},"author":828,"featured_media":0,"parent":0,"menu_order":0,"comment_status":"closed","ping_status":"closed","template":"","meta":{"footnotes":""},"_links":{"self":[{"href":"https:\/\/zuccardiwines.com\/nuevo\/wp-json\/wp\/v2\/pages\/5673140"}],"collection":[{"href":"https:\/\/zuccardiwines.com\/nuevo\/wp-json\/wp\/v2\/pages"}],"about":[{"href":"https:\/\/zuccardiwines.com\/nuevo\/wp-json\/wp\/v2\/types\/page"}],"author":[{"embeddable":true,"href":"https:\/\/zuccardiwines.com\/nuevo\/wp-json\/wp\/v2\/users\/828"}],"replies":[{"embeddable":true,"href":"https:\/\/zuccardiwines.com\/nuevo\/wp-json\/wp\/v2\/comments?post=5673140"}],"version-history":[{"count":2,"href":"https:\/\/zuccardiwines.com\/nuevo\/wp-json\/wp\/v2\/pages\/5673140\/revisions"}],"predecessor-version":[{"id":5684727,"href":"https:\/\/zuccardiwines.com\/nuevo\/wp-json\/wp\/v2\/pages\/5673140\/revisions\/5684727"}],"wp:attachment":[{"href":"https:\/\/zuccardiwines.com\/nuevo\/wp-json\/wp\/v2\/media?parent=5673140"}],"curies":[{"name":"wp","href":"https:\/\/api.w.org\/{rel}","templated":true}]}}